ctor of 848?
False
Does 2 divide 277?
False
Does 7 divide 3745?
True
Is 10868 a multiple of 13?
True
Does 21 divide 70732?
False
Is 82 a factor of 1804?
True
Is 3162 a multiple of 51?
True
Does 64 divide 5248?
True
Is 61 a factor of 18408?
False
Does 25 divide 1037?
False
Is 78 a factor of 2785?
False
Is 1017 a multiple of 5?
False
Does 17 divide 22432?
False
Does 165 divide 17490?
True
Does 11 divide 154?
True
Is 52 a factor of 4680?
True
Is 44 a multiple of 3?
False
Is 7 a factor of 350?
True
Does 16 divide 944?
True
Does 4 divide 367?
False
Does 16 divide 3328?
True
Is 10 a factor of 361?
False
Is 218 a multiple of 3?
False
Is 305 a multiple of 9?
False
Does 13 divide 3523?
True
Does 9 divide 2392?
False
Is 18 a factor of 1224?
True
Does 9 divide 2544?
False
Is 15 a factor of 645?
True
Is 620 a multiple of 31?
True
Is 1679 a multiple of 102?
False
Is 2348 a multiple of 52?
False
Is 9 a factor of 8280?
True
Does 124 divide 5952?
True
Is 20 a factor of 40?
True
Does 9 divide 814?
False
Is 12 a factor of 3611?
False
Does 36 divide 1136?
False
Is 171 a factor of 55062?
True
Is 20280 a multiple of 5?
True
Is 6987 a multiple of 16?
False
Does 10 divide 15610?
True
Is 2 a factor of 63?
False
Is 19 a factor of 18791?
True
Is 11556 a multiple of 36?
True
Is 59 a factor of 2006?
True
Is 5 a factor of 5?
True
Does 3 divide 3?
True
Is 6088 a multiple of 7?
False
Is 72 a factor of 1872?
True
Is 2052 a multiple of 38?
True
Is 17622 a multiple of 9?
True
Is 9072 a multiple of 144?
True
Is 2330 a multiple of 5?
True
Does 11 divide 15356?
True
Is 674 a multiple of 24?
False
Is 14852 a multiple of 5?
False
Does 5 divide 4768?
False
Is 291 a factor of 136188?
True
Does 31 divide 34162?
True
Is 10981 a multiple of 33?
False
Does 5 divide 265?
True
Is 650 a multiple of 73?
False
Does 26 divide 286?
True
Is 144 a factor of 11028?
False
Is 10 a factor of 15270?
True
Is 686 a multiple of 7?
True
Does 8 divide 10793?
False
Is 134 a factor of 268?
True
Is 2979 a multiple of 61?
False
Is 15315 a multiple of 5?
True
Is 70 a factor of 7631?
False
Is 15264 a multiple of 209?
False
Does 9 divide 729?
True
Is 5 a factor of 1995?
True
Is 9 a factor of 2214?
True
Is 59 a factor of 649?
True
Is 2 a factor of 67?
False
Does 12 divide 276?
True
Does 25 divide 45843?
False
Is 1161 a multiple of 4?
False
Does 20 divide 18060?
True
Does 127 divide 12446?
True
Does 2 divide 618?
True
Is 45 a factor of 7650?
True
Is 2040 a multiple of 65?
False
Is 16 a factor of 400?
True
Is 254 a factor of 23368?
True
Is 1176 a multiple of 56?
True
Does 9 divide 2615?
False
Is 7973 a multiple of 119?
True
Is 2455 a multiple of 5?
True
Does 2 divide 34?
True
Is 7 a factor of 6083?
True
Is 10677 a multiple of 45?
False
Is 5170 a multiple of 63?
False
Does 27 divide 91152?
True
Is 7107 even?
False
Is 411 a multiple of 3?
True
Is 6033 a multiple of 20?
False
Does 3 divide 262?
False
Does 12 divide 5460?
True
Does 27 divide 6248?
False
Is 20 a multiple of 5?
True
Is 41000 a multiple of 26?
False
Is 28162 a multiple of 10?
False
Is 40 a factor of 440?
True
Does 8 divide 1184?
True
Is 12323 a multiple of 113?
False
Is 6251 a multiple of 67?
False
Is 13 a factor of 1427?
False
Is 12210 a multiple of 110?
True
Is 2 a factor of 81?
False
Is 12 a factor of 21217?
False
Does 13 divide 255?
False
Does 169 divide 53235?
True
Is 46 a factor of 46?
True
Is 55 a factor of 770?
True
Is 19 a factor of 988?
True
Does 44 divide 3057?
False
Does 3 divide 1450?
False
Is 191 a factor of 24791?
False
Is 53 even?
False
Is 3690 a multiple of 30?
True
Is 9 a multiple of 5?
False
Is 112 a factor of 1120?
True
Is 9 a factor of 906?
False
Is 7 a factor of 427?
True
Is 5 a factor of 7065?
True
Is 13 a factor of 9674?
False
Is 6561 a multiple of 27?
True
Is 94 a factor of 68932?
False
Is 64 even?
True
Is 6642 a multiple of 82?
True
Is 2947 even?
False
Is 310 a multiple of 31?
True
Is 206 a factor of 4944?
True
Does 60 divide 2220?
True
Is 14 a factor of 71430?
False
Is 883 a multiple of 5?
False
Does 293 divide 52154?
True
Does 5 divide 55715?
True
Is 869 a multiple of 57?
False
Does 39 divide 2808?
True
Does 13 divide 7941?
False
Does 13 divide 10757?
False
Is 5 a factor of 260?
True
Does 10 divide 210?
True
Is 109 a multiple of 12?
False
Is 11 a factor of 1322?
False
Is 9 a factor of 224?
False
Is 3151 a multiple of 39?
False
Is 243 a multiple of 18?
False
Is 3 a factor of 242?
False
Does 34 divide 2281?
False
Is 28759 a multiple of 12?
False
Is 58905 a multiple of 77?
True
Does 20 divide 1980?
True
Is 63 a factor of 8694?
True
Does 375 divide 40125?
True
Is 22 a factor of 1276?
True
Does 12 divide 11514?
False
Is 6314 a multiple of 77?
True
Does 10 divide 290?
True
Does 22 divide 102740?
True
Is 4 a factor of 2362?
False
Does 37 divide 2573?
False
Is 20449 a multiple of 13?
True
Is 17 a factor of 25877?
False
Is 48106 a multiple of 52?
False
Is 367 a multiple of 51?
False
Does 12 divide 56736?
True
Is 1403 a multiple of 23?
True
Is 59 a factor of 43837?
True
Is 14120 a multiple of 15?
False
Is 15 a factor of 8745?
True
Does 33 divide 9075?
True
Does 11 divide 4070?
True
Does 9 divide 1953?
True
Is 41 a factor of 1517?
True
Is 105506 a multiple of 22?
False
Does 59 divide 242?
False
Is 3038 a multiple of 37?
False
Is 2168 a multiple of 13?
False
Is 9 a factor of 225?
True
Is 7 a factor of 1186?
False
Is 13618 a multiple of 11?
True
Is 3607 a multiple of 10?
False
Is 1006 a multiple of 50?
False
Is 3 a factor of 382?
False
Is 47 a factor of 630?
False
Is 14 a factor of 607?
False
Is 1235 a multiple of 2?
False
Is 27 a factor of 60559?
False
Is 172 a factor of 13588?
True
Is 6 a factor of 156?
True
Is 143528 a multiple of 14?
True
Is 1015 a multiple of 12?
False
Is 92 a multiple of 4?
True
Does 60 divide 60?
True
Is 69 a factor of 23391?
True
Is 17 a factor of 34?
True
Does 16 divide 9430?
False
Does 155 divide 9184?
False
Is 4 a factor of 124?
True
Is 53 a factor of 1802?
True
Does 58 divide 1385?
False
Is 46 a factor of 987?
False
Is 11 a factor of 3916?
True
Does 10 divide 4394?
False
Is 31 a factor of 1508?
False
Is 11 a factor of 29195?
False
Does 19 divide 76?
True
Does 6 divide 46260?
True
Is 1840 a multiple of 23?
True
Does 402 divide 40602?
True
Does 100 divide 6000?
True
Is 21212 a multiple of 70?
False
Is 2792 a multiple of 46?
False
Is 6 a factor of 4494?
True
Does 29 divide 39356?
False
Is 26 a factor of 6616?
False
Is 913 a multiple of 63?
False
Does 78 divide 1248?
True
Does 51 divide 2550?
True
Is 269 a factor of 72392?
False
Is 8694 a multiple of 189?
True
Does 7 divide 252?
True
Is 944 a multiple of 17?
False
Is 1885 a multiple of 13?
True
Does 7 divide 7560?
True
Is 23 a factor of 2175?
False
Is 17 a factor of 1683?
True
Does 13 divide 2379?
True
Is 55 a factor of 625?
False
Is 32 a factor of 3104?
True
Is 35 a factor of 3150?
True
Is 55085 a multiple of 17?
False
Is 8586 a multiple of 18?
True
Is 137 a factor of 10960?
True
Is 202 a factor of 6632?
False
Is 2053 even?
False
Does 115 divide 1265?
True
Is 1249 a multiple of 30?
False
Is 23667 a multiple of 7?
True
Is 70 a factor of 4324?
False
Is 9816 a multiple of 92?
False
Does 46 divide 24334?
True
Is 19315 a multiple of 229?
False
Is 7 a factor of 711?
False
Does 34 divide 3682?
False
Does 85 divide 11571?
False
Does 220 divide 39191?
False
Is 98 a factor of 20278?
False
Does 3 divide 1914?
True
Is 6 a factor of 1872?
True
Is 1718 a multiple of 62?
False
Is 213 a multiple of 4?
False
Is 10 a factor of 89?
False
Is 11069 a multiple of 10?
False
Does 12 divide 2202?
False
Does 19 divide 418?
True
Is 4947 a multiple of 11?
False
Does 188 divide 15294?
False
Does 80 divide 32341?
False
Does 98 divide 9604?
True
Is 4270 a multiple of 14?
True
Is 497 a multiple of 7?
True
Is 231 a multiple of 3?
True
Is 49 a multiple of 19?
False
Does 5 divide 1305?
True
Is 22 a factor of 116842?
True
Does 59 divide 16190?
False
Is 191 a factor of 3820?
True
Does 40 divide 416?
False
Is 6125 a multiple of 55?
False
Is 11674 a multiple of 145?
False
Does 11 divide 10793?
False
Is 6 a factor of 7740?
True
Is 55 a factor of 1342?
False
Is 360 a multiple of 18?
True
Does 23 divide 460?
True
Is 104 a multiple of 4?
True
Does 2 divide 281?
False
Is 23 a factor of 1638?
False
Does 4